5
Suppose 5*s + 15 = 4*g, 2*g = 6*g + 5*s - 65. Suppose 414 = g*p - 306. What is the tens digit of p?
7
Suppose -w - 2*o + 6*o + 9 = 0, -5*w - 23 = -3*o. Let k = 30 - 19. Let s = w + k. What is the units digit of s?
4
Suppose -8*g = -0*g - 208. What is the tens digit of g?
2
Let u(o) = o**3 - 8*o**2 - 10*o + 3. Let c be u(9). Let w = c + 11. Suppose 0*z = -5*v + 2*z + 120, -w*z = -4*v + 79. What is the units digit of v?
6
What is the units digit of 4/(-10) + 1 + (-366346)/(-565)?
9
Let w(x) = x**3 + 8*x**2 + 9*x + 3. Let b be ((-24)/(-28))/(2/(-14)). What is the units digit of w(b)?
1
Let z(k) = -k**3 - 5*k**2 - 6*k - 6. Let q be z(-4). Suppose -3 - 5 = q*g. What is the units digit of g/(-14) - 117/(-7)?
7
Let i be 44/36 - (-2)/(-9). Let r(y) = -4*y**2 + 0*y**2 + i + 3 + 3*y**2 - 10*y. What is the tens digit of r(-8)?
2
Suppose -26 = 4*b + 4*y - y, -4*b - 16 = -2*y. Let p = -37 + b. Let w = p - -71. What is the tens digit of w?
2
Let f = 93 - 51. Let z = 31 + f. Suppose k = -6*t + 4*t + z, 0 = -3*t + 2*k + 92. What is the tens digit of t?
3
Let a(h) = -h**2 + 5*h - 9. Let c = -5 - -18. Let d be a(c). Let y = -61 - d. What is the tens digit of y?
5
Let a be (1 - 0)*3 - -1. Suppose 0 = a*p + p - 10. What is the tens digit of (-1)/((-3 + p)/39)?
3
Suppose 0*v + v = 25. What is the tens digit of (54 - 0)/(-1 - v/(-10))?
3
Let l = -10 - -10. Suppose 5*i = -5*u + 45, l = 3*i - 5*u + 3*u - 12. Suppose -3*p + 108 = 5*q, q - i*q = 0. What is the units digit of p?
6
Let n be (-1 + -2)*(-6 + 5). What is the tens digit of (4/8*0 - -86) + n?
8
Suppose 0 = 75*d - 908 - 4867. Suppose 84 - 239 = 5*g. Let l = d + g. What is the units digit of l?
6
Let g = 318 + 395. What is the tens digit of g?
1
Let o(x) = -56*x + 34. Let g(m) = -19*m + 11. Let q(t) = -38*t + 22. Let c(l) = -5*g(l) + 2*q(l). Let a(y) = -17*c(y) - 6*o(y). What is the tens digit of a(6)?
6
Let l(s) = -105*s - 25. Let r be l(-5). Suppose r = 6*v - 2*v. What is the tens digit of v?
2
What is the units digit of ((-148)/3)/((119/(-168))/17)?
4
Let o(m) = 2*m + 15. Let t be o(-5). Suppose -y - 14 - t = 0. Let g = 14 - y. What is the units digit of g?
3
Suppose 2*p = -3*p, -3*p = 5*v - 25. Suppose -3 = -4*y + 5. Suppose -g - v*h = -47, g = -y*g - h + 71. What is the tens digit of g?
2
Let j = 43 - 22. Let t be (-12)/j + (-1404)/(-7). Suppose t = 5*b - 5*z, -3*z - 6 = 6. What is the tens digit of b?
3
Suppose -4*f + 4*s = -6422 + 418, 3*f - 4521 = -3*s. What is the tens digit of f?
0
Suppose -310 = -2*y + m, -4*m + 0*m = -4*y + 616. What is the tens digit of y?
5
Suppose 832 = 2*g - 22*n + 26*n, -5*g - 2*n + 2040 = 0. What is the hundreds digit of g?
4
Let q = -15 - -20. Suppose -q*m + 324 = 4*g, 3*m + 3*g - 197 = -2*g. What is the units digit of m?
4
Let y be 1 - -2 - (-3 + (1 - -5)). Suppose y = -20*i + 18*i + 18. What is the units digit of i?
9
Suppose 0*s - 15 = s. Let r = 85 + -42. Let z = s + r. What is the units digit of z?
8
Let a(l) = 12*l**2 + 30*l + 192. What is the tens digit of a(-7)?
7
Let m = 28 + -42. Let i be (-2)/(-5) + m/10. What is the tens digit of i/4 - 788/(-16)?
4
Let b be -20*(3/(-15) + -1). Let o = -81 + 83. Suppose -5 = -s - i, -4*s + 0*i + b = o*i. What is the units digit of s?
7
Let x(o) = 58*o**3 + o**2 - 26*o - 1. What is the hundreds digit of x(4)?
6
Suppose 0 = -3*t - 5*f + 49, 0 = 3*t - f - 34 - 39. Let z = t + -35. What is the tens digit of 4/z*(-2 + -52)?
1
Let w = -187 - 15. Let q = -117 - w. What is the units digit of q?
5
Suppose -21*k + 2041 = -395. Let a = 206 - k. What is the units digit of a?
0
Let p be -1*((-6)/(-1) - -1). Let n(h) = h**2 - 7*h - 4*h**2 - 8 - 3*h**3 - 4*h**2 + 2*h**3. What is the units digit of n(p)?
1
Suppose 16*l - 4487 = 9*l. What is the units digit of l?
1
Suppose 0 = -4*w + 4*m + 3144, -w + 5*m = 2*w - 2362. Suppose -14*d + 1288 = -w. What is the tens digit of d?
4
Let h = 178 + -54. Suppose 0 = -3*g + 5*g - h. What is the tens digit of g?
6
What is the units digit of -7 + (-322)/(-1) + -5?
0
Let a(g) = 37*g**2 - 5*g - 3. What is the units digit of a(4)?
9
What is the units digit of (3/2 - -1)*140?
0
Let c = 18 - 15. Let y be 2 + (2 - 13) + c. Let n(k) = -k**3 - 5*k**2 + 3*k + 4. What is the tens digit of n(y)?
2
Let o = 14 + -8. Suppose p - o = 3*l + 17, -5*p = 2*l + 4. Let b(k) = -k**3 - 5*k**2 + 10*k - 2. What is the tens digit of b(l)?
2
Let g(c) = -c**2 + 3*c + 41. Let u be g(0). Let n = 65 - u. What is the tens digit of n?
2
Let c be 1/3 - 20/(-30). Let i = 17 - c. What is the units digit of i?
6
Suppose 0 = 3*u - o - 187, 5*u = 5*o - 188 + 503. Suppose -3*p - 4*t + u + 36 = 0, -3*p + t + 118 = 0. What is the tens digit of p?
3
What is the tens digit of (2/(-5))/(439096/(-146360) + 3)?
5
Let n = -757 + 989. What is the hundreds digit of n?
2
Suppose 31 = 2*m + 15. What is the units digit of (-3)/((-18)/m) - (-8)/3?
4
Suppose -4*p = -7*r + 6*r + 90, -2*p - 378 = -5*r. Suppose -r*w - 299 = -75*w. What is the tens digit of w?
9
Let v(m) = -5*m + 28. Let s be v(-14). Suppose -328 = -6*q + s. What is the tens digit of q?
7
Suppose 3*r = 13*r + 300. What is the units digit of ((-145)/r)/((-2)/(-12))?
9
Let v(z) = z**3 - 9*z**2 + 10*z - 11. Let g be v(8). Suppose -2*a - 4*f = -g + 1, 3*f = a - 7. Let w(c) = 3*c**2 - 9. What is the units digit of w(a)?
9
Let y be -2 + (6 - (-2)/2). Suppose -y*m + 7*m = 0. Suppose m = -3*v - 2*v + 170. What is the units digit of v?
4
Suppose t - 4*s - 2186 - 694 = 0, -3*s + 5738 = 2*t. What is the thousands digit of t?
2
Let u = 46 + -78. Let q be (-21)/(-6)*u/(-28). Suppose -105 = -3*r - p - 29, 3*r + q*p = 79. What is the tens digit of r?
2
Let a = -113 - -361. What is the units digit of a?
8
What is the hundreds digit of 16/(-24)*((-1294 - -1) + 0)?
8
Suppose 0 = -5*k + 4*h + 5422, -4*h = 4*k - 6*h - 4340. What is the tens digit of k?
8
Suppose -11*g + 2*g = -27. Suppose g*z + z = 272. What is the units digit of z?
8
Suppose 0 = -3*g + 12. Suppose -f + 50 = g*a, 2*a + 2*a - 164 = -4*f. What is the units digit of f?
8
Let o = -88 + 84. What is the tens digit of 13856/160 + o/(-10)?
8
Let r(s) be the third derivative of s**6/120 + 3*s**5/20 - 5*s**4/12 - s**3 + 4*s**2. Let p be r(-10). What is the units digit of (4/p)/((-10)/15)?
1
Suppose -34*t + 27*t = -24808. What is the tens digit of t?
4
Let v = -503 - -518. What is the units digit of v?
5
Suppose 11*r - 507 = -12. Suppose 0 = -10*g + r + 885. What is the units digit of g?
3
Suppose n - 6934 = -5*f, -3*f - 5*n - n + 4155 = 0. What is the hundreds digit of f?
3
Let p = 993 + -508. What is the hundreds digit of p?
4
Let f = -1036 + 1776. What is the tens digit of f?
4
Suppose -227 - 213 = -d. What is the hundreds digit of d?
4
What is the tens digit of (267/(-4))/(36/(-336))?
2
Let c(g) = 122*g**2 - 55*g - 174. What is the units digit of c(-3)?
9
Let k(b) = 3*b - 6. Let c be k(14). Let x be (-2)/(-9) - (-1432)/c. Suppose -4*q + x = 8. What is the units digit of q?
8
Suppose 5*j = 4*j - 3*b - 22, -5*j = -5*b + 10. Let d(i) = i**2 - 7 - 3*i**2 + i**2 - 9*i. What is the units digit of d(j)?
7
Let q = 1110 + 326. What is the hundreds digit of q?
4
Let k be 7*((-4)/6 + (-44)/(-21)). Suppose k = -5*p, 4*p = -h - 7 + 74. What is the units digit of h?
5
Suppose -38*b - 1940 = -42*b. What is the tens digit of b?
8
Let k(l) = -2*l**3 + 6*l + 4. Let j be k(-4). What is the hundreds digit of j - 6/3 - 4?
1
Let y(v) = v - 1 + 0*v + 6 + v. Let w be y(-3). What is the units digit of (0 - (w + 147))/(-2)?
3
Let a(b) be the third derivative of -b**5/60 + 5*b**4/4 - 17*b**3/3 + 7*b**2. What is the tens digit of a(22)?
4
What is the units digit of 3/((18/285)/2)?
5
Let r(o) = 2*o**2 + 42*o + 18. What is the hundreds digit of r(18)?
4
Let v(a) = a**3 + 6*a**2 + 4*a - 9. Let j be 94/(-18) - (-12)/54. Let s be v(j). What is the units digit of s - (-4 + 2 - 27)?
5
Let y(v) = 10*v + 2. Let j(u) = 11*u + 3. Let r(p) = -3*j(p) + 2*y(p). What is the units digit of r(-3)?
4
Suppose -3119 = -2*y + 5*n, 4667 = 3*y - 26*n + 30*n. What is the units digit of y?
7
Let f(g) = -2*g**3 + 5*g**2 + 5*g - 3. Let n be f(3). What is the tens digit of 9/(n/24*2)?
3
Let y = -1293 - -1284. Let z(n) = n + 16. Let b(o) = 1. Let a(s) = -5*b(s) + z(s). What is the units digit of a(y)?
2
Let h = 